{"id":7990,"date":"2018-10-04T09:39:36","date_gmt":"2018-10-04T07:39:36","guid":{"rendered":"https:\/\/santboi.salesians.cat\/escola\/?page_id=7990"},"modified":"2021-01-10T18:20:35","modified_gmt":"2021-01-10T17:20:35","slug":"orientacio-psicopedagogica","status":"publish","type":"page","link":"https:\/\/santboi.salesians.cat\/escola\/orientacio-psicopedagogica\/","title":{"rendered":"Orientaci\u00f3 Psicopedag\u00f2gica"},"content":{"rendered":"<div id=\"fb-root\"><\/div>\n<p>[et_pb_section fb_built=\u00bb1&#8243; fullwidth=\u00bbon\u00bb _builder_version=\u00bb3.22&#8243; custom_padding=\u00bb0px|0px|0px|0px\u00bb][et_pb_fullwidth_header title=\u00bbOrientaci\u00f3 Psicopedag\u00f2gica\u00bb background_overlay_color=\u00bbrgba(178,178,178,0)\u00bb module_class=\u00bbpagina-imagen-cabecera\u00bb _builder_version=\u00bb3.16&#8243; background_image=\u00bbhttps:\/\/santboi.salesians.cat\/escola\/wp-content\/uploads\/sites\/3\/2018\/10\/20181004_153847.jpg\u00bb background_layout=\u00bblight\u00bb max_width_tablet=\u00bb50px\u00bb button_one_text_size__hover_enabled=\u00bboff\u00bb button_one_text_size__hover=\u00bbnull\u00bb button_two_text_size__hover_enabled=\u00bboff\u00bb button_two_text_size__hover=\u00bbnull\u00bb button_one_text_color__hover_enabled=\u00bboff\u00bb button_one_text_color__hover=\u00bbnull\u00bb button_two_text_color__hover_enabled=\u00bboff\u00bb button_two_text_color__hover=\u00bbnull\u00bb button_one_border_width__hover_enabled=\u00bboff\u00bb button_one_border_width__hover=\u00bbnull\u00bb button_two_border_width__hover_enabled=\u00bboff\u00bb button_two_border_width__hover=\u00bbnull\u00bb button_one_border_color__hover_enabled=\u00bboff\u00bb button_one_border_color__hover=\u00bbnull\u00bb button_two_border_color__hover_enabled=\u00bboff\u00bb button_two_border_color__hover=\u00bbnull\u00bb button_one_border_radius__hover_enabled=\u00bboff\u00bb button_one_border_radius__hover=\u00bbnull\u00bb button_two_border_radius__hover_enabled=\u00bboff\u00bb button_two_border_radius__hover=\u00bbnull\u00bb button_one_letter_spacing__hover_enabled=\u00bboff\u00bb button_one_letter_spacing__hover=\u00bbnull\u00bb button_two_letter_spacing__hover_enabled=\u00bboff\u00bb button_two_letter_spacing__hover=\u00bbnull\u00bb button_one_bg_color__hover_enabled=\u00bboff\u00bb button_one_bg_color__hover=\u00bbnull\u00bb button_two_bg_color__hover_enabled=\u00bboff\u00bb button_two_bg_color__hover=\u00bbnull\u00bb]<br \/>\n[\/et_pb_fullwidth_header][\/et_pb_section][et_pb_section fb_built=\u00bb1&#8243; _builder_version=\u00bb3.22&#8243;][et_pb_row _builder_version=\u00bb3.25&#8243; background_size=\u00bbinitial\u00bb background_position=\u00bbtop_left\u00bb background_repeat=\u00bbrepeat\u00bb column_structure=\u00bb3_5,2_5&#8243;][et_pb_column type=\u00bb3_5&#8243; _builder_version=\u00bb3.25&#8243; custom_padding=\u00bb|||\u00bb custom_padding__hover=\u00bb|||\u00bb][et_pb_text _builder_version=\u00bb3.27.4&#8243;]<\/p>\n<h2>ELS PROFESSIONALS<\/h2>\n<p style=\"text-align: justify\">L\u2019Equip d\u2019assessorament psicopedag\u00f2gic de la nostra escola el formen dos persones: F\u00e0tima Palau (per Infantil i Prim\u00e0ria) i Fina Monfort (per l&#8217;ESO).<\/p>\n<p>&nbsp;<\/p>\n<h2>EL NOSTRE MODEL D\u2019ASSESSORAMENT PSICOPEDAG\u00d2GIC<\/h2>\n<p style=\"text-align: justify\">El rol de l\u2019assessor \u00e9s col\u00b7laboratiu i s\u2019acosta al model sist\u00e8mic. Aix\u00f2 vol dir que es treballa en diferents \u00e0mbits: professors, alumnes i fam\u00edlies. Per portar a terme la nostra tasca des d\u2019aquest model, formem part de diferents equips de treball de l\u2019escola: Equip Directiu, Equips de coordinaci\u00f3, Equips de tutors, CAD (Comissions d\u2019atenci\u00f3 a la diversitat)&#8230; Tamb\u00e9 formem part de l\u2019equip de psicopedagogs de la Inspectoria Salesiana.<\/p>\n<p style=\"text-align: justify\">Ens coordinem amb altres professionals externs que treballen amb els alumnes: EAP, CSMIJ, CDIAP, Hospital de dia, EAIA, Serveis socials, psiquiatres, psic\u00f2legs,&#8230;<\/p>\n<p>[\/et_pb_text][\/et_pb_column][et_pb_column type=\u00bb2_5&#8243; _builder_version=\u00bb3.25&#8243; custom_padding=\u00bb|||\u00bb custom_padding__hover=\u00bb|||\u00bb][et_pb_image src=\u00bbhttps:\/\/santboi.salesians.cat\/escola\/wp-content\/uploads\/sites\/3\/2018\/10\/DSC05097.jpg\u00bb align_tablet=\u00bbcenter\u00bb align_last_edited=\u00bbon|desktop\u00bb _builder_version=\u00bb3.23&#8243;]<br \/>\n[\/et_pb_image][\/et_pb_column][\/et_pb_row][et_pb_row _builder_version=\u00bb3.25&#8243; column_structure=\u00bb2_5,3_5&#8243;][et_pb_column type=\u00bb2_5&#8243; _builder_version=\u00bb3.25&#8243; custom_padding=\u00bb|||\u00bb custom_padding__hover=\u00bb|||\u00bb][et_pb_image src=\u00bbhttps:\/\/santboi.salesians.cat\/escola\/wp-content\/uploads\/sites\/3\/2019\/03\/DSC04837.jpg\u00bb align_tablet=\u00bbcenter\u00bb align_last_edited=\u00bbon|desktop\u00bb _builder_version=\u00bb3.23&#8243;]<br \/>\n[\/et_pb_image][\/et_pb_column][et_pb_column type=\u00bb3_5&#8243; _builder_version=\u00bb3.25&#8243; custom_padding=\u00bb|||\u00bb custom_padding__hover=\u00bb|||\u00bb][et_pb_text _builder_version=\u00bb3.27.4&#8243;]<\/p>\n<h2>COM ACCEDIR AL SERVEI<\/h2>\n<p style=\"text-align: justify\">L&#8217;acc\u00e9s al servei es fa fonamentalment a trav\u00e9s del tutor\/a de l&#8217;alumne\/a<\/p>\n<p>&nbsp;<\/p>\n<h2>DEMANDES M\u00c9S FREQ\u00dcENTS<\/h2>\n<p>Les demandes ens arriben per part dels tutors, de les fam\u00edlies, i en el cas de l\u2019ESO tamb\u00e9 ens arriba per part del propi alumne\/a.<\/p>\n<p>De vegades es produeixen situacions relacionades amb l\u2019ansietat, processos depressius, dificultats de relaci\u00f3 amb companys, problemes a la fam\u00edlia, dificultats en els aprenentatges, h\u00e0bits, conducta&#8230;&#8230;<\/p>\n<p>[\/et_pb_text][\/et_pb_column][\/et_pb_row][\/et_pb_section]<\/p>\n","protected":false},"excerpt":{"rendered":"<p>ELS PROFESSIONALS L\u2019Equip d\u2019assessorament psicopedag\u00f2gic de la nostra escola el formen dos persones: F\u00e0tima Palau (per Infantil i Prim\u00e0ria) i Fina Monfort (per l&#8217;ESO). &nbsp; EL NOSTRE MODEL D\u2019ASSESSORAMENT PSICOPEDAG\u00d2GIC El rol de l\u2019assessor \u00e9s col\u00b7laboratiu i s\u2019acosta al model sist\u00e8mic. Aix\u00f2 vol dir que es treballa en diferents \u00e0mbits: professors, alumnes i fam\u00edlies. Per [&hellip;]<\/p>\n","protected":false},"author":2,"featured_media":0,"parent":0,"menu_order":0,"comment_status":"closed","ping_status":"closed","template":"","meta":{"_et_pb_use_builder":"on","_et_pb_old_content":"","_et_gb_content_width":"","footnotes":""},"class_list":["post-7990","page","type-page","status-publish","hentry"],"yoast_head":"<!-- This site is optimized with the Yoast SEO plugin v28.4 - https:\/\/yoast.com\/product\/yoast-seo-wordpress\/ -->\n<title>Orientaci\u00f3 Psicopedag\u00f2gica - Escola<\/title>\n<meta name=\"robots\" content=\"index, follow, max-snippet:-1, max-image-preview:large, max-video-preview:-1\" \/>\n<link rel=\"canonical\" href=\"https:\/\/santboi.salesians.cat\/escola\/orientacio-psicopedagogica\/\" \/>\n<meta property=\"og:locale\" content=\"es_ES\" \/>\n<meta property=\"og:type\" content=\"article\" \/>\n<meta property=\"og:title\" content=\"Orientaci\u00f3 Psicopedag\u00f2gica - Escola\" \/>\n<meta property=\"og:description\" content=\"ELS PROFESSIONALS L\u2019Equip d\u2019assessorament psicopedag\u00f2gic de la nostra escola el formen dos persones: F\u00e0tima Palau (per Infantil i Prim\u00e0ria) i Fina Monfort (per l&#039;ESO). &nbsp; EL NOSTRE MODEL D\u2019ASSESSORAMENT PSICOPEDAG\u00d2GIC El rol de l\u2019assessor \u00e9s col\u00b7laboratiu i s\u2019acosta al model sist\u00e8mic. Aix\u00f2 vol dir que es treballa en diferents \u00e0mbits: professors, alumnes i fam\u00edlies. Per [&hellip;]\" \/>\n<meta property=\"og:url\" content=\"https:\/\/santboi.salesians.cat\/escola\/orientacio-psicopedagogica\/\" \/>\n<meta property=\"og:site_name\" content=\"Escola\" \/>\n<meta property=\"article:publisher\" content=\"https:\/\/www.facebook.com\/SalesiansSBL\/\" \/>\n<meta property=\"article:modified_time\" content=\"2021-01-10T17:20:35+00:00\" \/>\n<meta name=\"twitter:card\" content=\"summary_large_image\" \/>\n<meta name=\"twitter:site\" content=\"@salesianssbl\" \/>\n<meta name=\"twitter:label1\" content=\"Tiempo de lectura\" \/>\n\t<meta name=\"twitter:data1\" content=\"3 minutos\" \/>\n<script type=\"application\/ld+json\" class=\"yoast-schema-graph\">{\"@context\":\"https:\\\/\\\/schema.org\",\"@graph\":[{\"@type\":\"WebPage\",\"@id\":\"https:\\\/\\\/santboi.salesians.cat\\\/escola\\\/orientacio-psicopedagogica\\\/\",\"url\":\"https:\\\/\\\/santboi.salesians.cat\\\/escola\\\/orientacio-psicopedagogica\\\/\",\"name\":\"Orientaci\u00f3 Psicopedag\u00f2gica - Escola\",\"isPartOf\":{\"@id\":\"https:\\\/\\\/santboi.salesians.cat\\\/escola\\\/#website\"},\"datePublished\":\"2018-10-04T07:39:36+00:00\",\"dateModified\":\"2021-01-10T17:20:35+00:00\",\"breadcrumb\":{\"@id\":\"https:\\\/\\\/santboi.salesians.cat\\\/escola\\\/orientacio-psicopedagogica\\\/#breadcrumb\"},\"inLanguage\":\"es\",\"potentialAction\":[{\"@type\":\"ReadAction\",\"target\":[\"https:\\\/\\\/santboi.salesians.cat\\\/escola\\\/orientacio-psicopedagogica\\\/\"]}]},{\"@type\":\"BreadcrumbList\",\"@id\":\"https:\\\/\\\/santboi.salesians.cat\\\/escola\\\/orientacio-psicopedagogica\\\/#breadcrumb\",\"itemListElement\":[{\"@type\":\"ListItem\",\"position\":1,\"name\":\"Portada\",\"item\":\"https:\\\/\\\/santboi.salesians.cat\\\/escola\\\/\"},{\"@type\":\"ListItem\",\"position\":2,\"name\":\"Orientaci\u00f3 Psicopedag\u00f2gica\"}]},{\"@type\":\"WebSite\",\"@id\":\"https:\\\/\\\/santboi.salesians.cat\\\/escola\\\/#website\",\"url\":\"https:\\\/\\\/santboi.salesians.cat\\\/escola\\\/\",\"name\":\"Escola\",\"description\":\"Salesians Sant Boi de Llobregat\",\"potentialAction\":[{\"@type\":\"SearchAction\",\"target\":{\"@type\":\"EntryPoint\",\"urlTemplate\":\"https:\\\/\\\/santboi.salesians.cat\\\/escola\\\/?s={search_term_string}\"},\"query-input\":{\"@type\":\"PropertyValueSpecification\",\"valueRequired\":true,\"valueName\":\"search_term_string\"}}],\"inLanguage\":\"es\"}]}<\/script>\n<!-- \/ Yoast SEO plugin. -->","yoast_head_json":{"title":"Orientaci\u00f3 Psicopedag\u00f2gica - Escola","robots":{"index":"index","follow":"follow","max-snippet":"max-snippet:-1","max-image-preview":"max-image-preview:large","max-video-preview":"max-video-preview:-1"},"canonical":"https:\/\/santboi.salesians.cat\/escola\/orientacio-psicopedagogica\/","og_locale":"es_ES","og_type":"article","og_title":"Orientaci\u00f3 Psicopedag\u00f2gica - Escola","og_description":"ELS PROFESSIONALS L\u2019Equip d\u2019assessorament psicopedag\u00f2gic de la nostra escola el formen dos persones: F\u00e0tima Palau (per Infantil i Prim\u00e0ria) i Fina Monfort (per l'ESO). &nbsp; EL NOSTRE MODEL D\u2019ASSESSORAMENT PSICOPEDAG\u00d2GIC El rol de l\u2019assessor \u00e9s col\u00b7laboratiu i s\u2019acosta al model sist\u00e8mic. Aix\u00f2 vol dir que es treballa en diferents \u00e0mbits: professors, alumnes i fam\u00edlies. Per [&hellip;]","og_url":"https:\/\/santboi.salesians.cat\/escola\/orientacio-psicopedagogica\/","og_site_name":"Escola","article_publisher":"https:\/\/www.facebook.com\/SalesiansSBL\/","article_modified_time":"2021-01-10T17:20:35+00:00","twitter_card":"summary_large_image","twitter_site":"@salesianssbl","twitter_misc":{"Tiempo de lectura":"3 minutos"},"schema":{"@context":"https:\/\/schema.org","@graph":[{"@type":"WebPage","@id":"https:\/\/santboi.salesians.cat\/escola\/orientacio-psicopedagogica\/","url":"https:\/\/santboi.salesians.cat\/escola\/orientacio-psicopedagogica\/","name":"Orientaci\u00f3 Psicopedag\u00f2gica - Escola","isPartOf":{"@id":"https:\/\/santboi.salesians.cat\/escola\/#website"},"datePublished":"2018-10-04T07:39:36+00:00","dateModified":"2021-01-10T17:20:35+00:00","breadcrumb":{"@id":"https:\/\/santboi.salesians.cat\/escola\/orientacio-psicopedagogica\/#breadcrumb"},"inLanguage":"es","potentialAction":[{"@type":"ReadAction","target":["https:\/\/santboi.salesians.cat\/escola\/orientacio-psicopedagogica\/"]}]},{"@type":"BreadcrumbList","@id":"https:\/\/santboi.salesians.cat\/escola\/orientacio-psicopedagogica\/#breadcrumb","itemListElement":[{"@type":"ListItem","position":1,"name":"Portada","item":"https:\/\/santboi.salesians.cat\/escola\/"},{"@type":"ListItem","position":2,"name":"Orientaci\u00f3 Psicopedag\u00f2gica"}]},{"@type":"WebSite","@id":"https:\/\/santboi.salesians.cat\/escola\/#website","url":"https:\/\/santboi.salesians.cat\/escola\/","name":"Escola","description":"Salesians Sant Boi de Llobregat","potentialAction":[{"@type":"SearchAction","target":{"@type":"EntryPoint","urlTemplate":"https:\/\/santboi.salesians.cat\/escola\/?s={search_term_string}"},"query-input":{"@type":"PropertyValueSpecification","valueRequired":true,"valueName":"search_term_string"}}],"inLanguage":"es"}]}},"_links":{"self":[{"href":"https:\/\/santboi.salesians.cat\/escola\/wp-json\/wp\/v2\/pages\/7990","targetHints":{"allow":["GET"]}}],"collection":[{"href":"https:\/\/santboi.salesians.cat\/escola\/wp-json\/wp\/v2\/pages"}],"about":[{"href":"https:\/\/santboi.salesians.cat\/escola\/wp-json\/wp\/v2\/types\/page"}],"author":[{"embeddable":true,"href":"https:\/\/santboi.salesians.cat\/escola\/wp-json\/wp\/v2\/users\/2"}],"replies":[{"embeddable":true,"href":"https:\/\/santboi.salesians.cat\/escola\/wp-json\/wp\/v2\/comments?post=7990"}],"version-history":[{"count":11,"href":"https:\/\/santboi.salesians.cat\/escola\/wp-json\/wp\/v2\/pages\/7990\/revisions"}],"predecessor-version":[{"id":9180,"href":"https:\/\/santboi.salesians.cat\/escola\/wp-json\/wp\/v2\/pages\/7990\/revisions\/9180"}],"wp:attachment":[{"href":"https:\/\/santboi.salesians.cat\/escola\/wp-json\/wp\/v2\/media?parent=7990"}],"curies":[{"name":"wp","href":"https:\/\/api.w.org\/{rel}","templated":true}]}}

Orientació Psicopedagògica

<div id="fb-root"></div>
<p>[et_pb_section fb_built=»1&#8243; fullwidth=»on» _builder_version=»3.22&#8243; custom_padding=»0px|0px|0px|0px»][et_pb_fullwidth_header title=»Orientació Psicopedagògica» background_overlay_color=»rgba(178,178,178,0)» module_class=»pagina-imagen-cabecera» _builder_version=»3.16&#8243; background_image=»https://santboi.salesians.cat/escola/wp-content/uploads/sites/3/2018/10/20181004_153847.jpg» background_layout=»light» max_width_tablet=»50px» button_one_text_size__hover_enabled=»off» button_one_text_size__hover=»null» button_two_text_size__hover_enabled=»off» button_two_text_size__hover=»null» button_one_text_color__hover_enabled=»off» button_one_text_color__hover=»null» button_two_text_color__hover_enabled=»off» button_two_text_color__hover=»null» button_one_border_width__hover_enabled=»off» button_one_border_width__hover=»null» button_two_border_width__hover_enabled=»off» button_two_border_width__hover=»null» button_one_border_color__hover_enabled=»off» button_one_border_color__hover=»null» button_two_border_color__hover_enabled=»off» button_two_border_color__hover=»null» button_one_border_radius__hover_enabled=»off» button_one_border_radius__hover=»null» button_two_border_radius__hover_enabled=»off» button_two_border_radius__hover=»null» button_one_letter_spacing__hover_enabled=»off» button_one_letter_spacing__hover=»null» button_two_letter_spacing__hover_enabled=»off» button_two_letter_spacing__hover=»null» button_one_bg_color__hover_enabled=»off» button_one_bg_color__hover=»null» button_two_bg_color__hover_enabled=»off» button_two_bg_color__hover=»null»]<br />
[/et_pb_fullwidth_header][/et_pb_section][et_pb_section fb_built=»1&#8243; _builder_version=»3.22&#8243;][et_pb_row _builder_version=»3.25&#8243; background_size=»initial» background_position=»top_left» background_repeat=»repeat» column_structure=»3_5,2_5&#8243;][et_pb_column type=»3_5&#8243; _builder_version=»3.25&#8243; custom_padding=»|||» custom_padding__hover=»|||»][et_pb_text _builder_version=»3.27.4&#8243;]</p>
<h2>ELS PROFESSIONALS</h2>
<p style="text-align: justify">L’Equip d’assessorament psicopedagògic de la nostra escola el formen dos persones: Fàtima Palau (per Infantil i Primària) i Fina Monfort (per l&#8217;ESO).</p>
<p>&nbsp;</p>
<h2>EL NOSTRE MODEL D’ASSESSORAMENT PSICOPEDAGÒGIC</h2>
<p style="text-align: justify">El rol de l’assessor és col·laboratiu i s’acosta al model sistèmic. Això vol dir que es treballa en diferents àmbits: professors, alumnes i famílies. Per portar a terme la nostra tasca des d’aquest model, formem part de diferents equips de treball de l’escola: Equip Directiu, Equips de coordinació, Equips de tutors, CAD (Comissions d’atenció a la diversitat)&#8230; També formem part de l’equip de psicopedagogs de la Inspectoria Salesiana.</p>
<p style="text-align: justify">Ens coordinem amb altres professionals externs que treballen amb els alumnes: EAP, CSMIJ, CDIAP, Hospital de dia, EAIA, Serveis socials, psiquiatres, psicòlegs,&#8230;</p>
<p>[/et_pb_text][/et_pb_column][et_pb_column type=»2_5&#8243; _builder_version=»3.25&#8243; custom_padding=»|||» custom_padding__hover=»|||»][et_pb_image src=»https://santboi.salesians.cat/escola/wp-content/uploads/sites/3/2018/10/DSC05097.jpg» align_tablet=»center» align_last_edited=»on|desktop» _builder_version=»3.23&#8243;]<br />
[/et_pb_image][/et_pb_column][/et_pb_row][et_pb_row _builder_version=»3.25&#8243; column_structure=»2_5,3_5&#8243;][et_pb_column type=»2_5&#8243; _builder_version=»3.25&#8243; custom_padding=»|||» custom_padding__hover=»|||»][et_pb_image src=»https://santboi.salesians.cat/escola/wp-content/uploads/sites/3/2019/03/DSC04837.jpg» align_tablet=»center» align_last_edited=»on|desktop» _builder_version=»3.23&#8243;]<br />
[/et_pb_image][/et_pb_column][et_pb_column type=»3_5&#8243; _builder_version=»3.25&#8243; custom_padding=»|||» custom_padding__hover=»|||»][et_pb_text _builder_version=»3.27.4&#8243;]</p>
<h2>COM ACCEDIR AL SERVEI</h2>
<p style="text-align: justify">L&#8217;accés al servei es fa fonamentalment a través del tutor/a de l&#8217;alumne/a</p>
<p>&nbsp;</p>
<h2>DEMANDES MÉS FREQÜENTS</h2>
<p>Les demandes ens arriben per part dels tutors, de les famílies, i en el cas de l’ESO també ens arriba per part del propi alumne/a.</p>
<p>De vegades es produeixen situacions relacionades amb l’ansietat, processos depressius, dificultats de relació amb companys, problemes a la família, dificultats en els aprenentatges, hàbits, conducta&#8230;&#8230;</p>
<p>[/et_pb_text][/et_pb_column][/et_pb_row][/et_pb_section]</p>

<p>ELS PROFESSIONALS L’Equip d’assessorament psicopedagògic de la nostra escola el formen dos persones: Fàtima Palau (per Infantil i Primària) i Fina Monfort (per l&#8217;ESO). &nbsp; EL NOSTRE MODEL D’ASSESSORAMENT PSICOPEDAGÒGIC El rol de l’assessor és col·laboratiu i s’acosta al model sistèmic. Això vol dir que es treballa en diferents àmbits: professors, alumnes i famílies. Per [&hellip;]</p>

<!-- This site is optimized with the Yoast SEO plugin v28.4 - https://yoast.com/product/yoast-seo-wordpress/ -->
<title>Orientació Psicopedagògica - Escola</title>
<meta name="robots" content="index, follow, max-snippet:-1, max-image-preview:large, max-video-preview:-1" />
<link rel="canonical" href="https://santboi.salesians.cat/escola/orientacio-psicopedagogica/" />
<meta property="og:locale" content="es_ES" />
<meta property="og:type" content="article" />
<meta property="og:title" content="Orientació Psicopedagògica - Escola" />
<meta property="og:description" content="ELS PROFESSIONALS L’Equip d’assessorament psicopedagògic de la nostra escola el formen dos persones: Fàtima Palau (per Infantil i Primària) i Fina Monfort (per l&#039;ESO). &nbsp; EL NOSTRE MODEL D’ASSESSORAMENT PSICOPEDAGÒGIC El rol de l’assessor és col·laboratiu i s’acosta al model sistèmic. Això vol dir que es treballa en diferents àmbits: professors, alumnes i famílies. Per [&hellip;]" />
<meta property="og:url" content="https://santboi.salesians.cat/escola/orientacio-psicopedagogica/" />
<meta property="og:site_name" content="Escola" />
<meta property="article:publisher" content="https://www.facebook.com/SalesiansSBL/" />
<meta property="article:modified_time" content="2021-01-10T17:20:35+00:00" />
<meta name="twitter:card" content="summary_large_image" />
<meta name="twitter:site" content="@salesianssbl" />
<meta name="twitter:label1" content="Tiempo de lectura" />
	<meta name="twitter:data1" content="3 minutos" />
<script type="application/ld+json" class="yoast-schema-graph">{"@context":"https:\/\/schema.org","@graph":[{"@type":"WebPage","@id":"https:\/\/santboi.salesians.cat\/escola\/orientacio-psicopedagogica\/","url":"https:\/\/santboi.salesians.cat\/escola\/orientacio-psicopedagogica\/","name":"Orientació Psicopedagògica - Escola","isPartOf":{"@id":"https:\/\/santboi.salesians.cat\/escola\/#website"},"datePublished":"2018-10-04T07:39:36+00:00","dateModified":"2021-01-10T17:20:35+00:00","breadcrumb":{"@id":"https:\/\/santboi.salesians.cat\/escola\/orientacio-psicopedagogica\/#breadcrumb"},"inLanguage":"es","potentialAction":[{"@type":"ReadAction","target":["https:\/\/santboi.salesians.cat\/escola\/orientacio-psicopedagogica\/"]}]},{"@type":"BreadcrumbList","@id":"https:\/\/santboi.salesians.cat\/escola\/orientacio-psicopedagogica\/#breadcrumb","itemListElement":[{"@type":"ListItem","position":1,"name":"Portada","item":"https:\/\/santboi.salesians.cat\/escola\/"},{"@type":"ListItem","position":2,"name":"Orientació Psicopedagògica"}]},{"@type":"WebSite","@id":"https:\/\/santboi.salesians.cat\/escola\/#website","url":"https:\/\/santboi.salesians.cat\/escola\/","name":"Escola","description":"Salesians Sant Boi de Llobregat","potentialAction":[{"@type":"SearchAction","target":{"@type":"EntryPoint","urlTemplate":"https:\/\/santboi.salesians.cat\/escola\/?s={search_term_string}"},"query-input":{"@type":"PropertyValueSpecification","valueRequired":true,"valueName":"search_term_string"}}],"inLanguage":"es"}]}</script>
<!-- / Yoast SEO plugin. -->

Orientació Psicopedagògica - Escola

ELS PROFESSIONALS L’Equip d’assessorament psicopedagògic de la nostra escola el formen dos persones: Fàtima Palau (per Infantil i Primària) i Fina Monfort (per l'ESO). &nbsp; EL NOSTRE MODEL D’ASSESSORAMENT PSICOPEDAGÒGIC El rol de l’assessor és col·laboratiu i s’acosta al model sistèmic. Això vol dir que es treballa en diferents àmbits: professors, alumnes i famílies. Per [&hellip;]
