{"id":8044,"date":"2018-10-04T10:19:36","date_gmt":"2018-10-04T08:19:36","guid":{"rendered":"https:\/\/santboi.salesians.cat\/escola\/?page_id=8044"},"modified":"2026-06-05T11:00:56","modified_gmt":"2026-06-05T09:00:56","slug":"mediacio-escolar","status":"publish","type":"page","link":"https:\/\/santboi.salesians.cat\/escola\/mediacio-escolar\/","title":{"rendered":"Mediaci\u00f3 Escolar"},"content":{"rendered":"<div id=\"fb-root\"><\/div>\n<p>[et_pb_section fb_built=\u00bb1&#8243; fullwidth=\u00bbon\u00bb _builder_version=\u00bb4.16&#8243; custom_padding=\u00bb0px|0px|0px|0px\u00bb global_colors_info=\u00bb{}\u00bb][et_pb_fullwidth_header title=\u00bbMediaci\u00f3 Escolar\u00bb background_overlay_color=\u00bbrgba(178,178,178,0)\u00bb module_class=\u00bbpagina-imagen-cabecera\u00bb _builder_version=\u00bb4.16&#8243; background_image=\u00bbhttps:\/\/inspectoria.salesianos.edu\/wp-content\/uploads\/2017\/09\/ImagenPAGINA.jpg\u00bb background_layout=\u00bblight\u00bb max_width_tablet=\u00bb50px\u00bb global_colors_info=\u00bb{}\u00bb button_one_text_size__hover_enabled=\u00bboff\u00bb button_one_text_size__hover=\u00bbnull\u00bb button_two_text_size__hover_enabled=\u00bboff\u00bb button_two_text_size__hover=\u00bbnull\u00bb button_one_text_color__hover_enabled=\u00bboff\u00bb button_one_text_color__hover=\u00bbnull\u00bb button_two_text_color__hover_enabled=\u00bboff\u00bb button_two_text_color__hover=\u00bbnull\u00bb button_one_border_width__hover_enabled=\u00bboff\u00bb button_one_border_width__hover=\u00bbnull\u00bb button_two_border_width__hover_enabled=\u00bboff\u00bb button_two_border_width__hover=\u00bbnull\u00bb button_one_border_color__hover_enabled=\u00bboff\u00bb button_one_border_color__hover=\u00bbnull\u00bb button_two_border_color__hover_enabled=\u00bboff\u00bb button_two_border_color__hover=\u00bbnull\u00bb button_one_border_radius__hover_enabled=\u00bboff\u00bb button_one_border_radius__hover=\u00bbnull\u00bb button_two_border_radius__hover_enabled=\u00bboff\u00bb button_two_border_radius__hover=\u00bbnull\u00bb button_one_letter_spacing__hover_enabled=\u00bboff\u00bb button_one_letter_spacing__hover=\u00bbnull\u00bb button_two_letter_spacing__hover_enabled=\u00bboff\u00bb button_two_letter_spacing__hover=\u00bbnull\u00bb button_one_bg_color__hover_enabled=\u00bboff\u00bb button_one_bg_color__hover=\u00bbnull\u00bb button_two_bg_color__hover_enabled=\u00bboff\u00bb button_two_bg_color__hover=\u00bbnull\u00bb]<br \/>\n[\/et_pb_fullwidth_header][\/et_pb_section][et_pb_section fb_built=\u00bb1&#8243; _builder_version=\u00bb4.16&#8243; global_colors_info=\u00bb{}\u00bb][et_pb_row column_structure=\u00bb1_2,1_2&#8243; _builder_version=\u00bb4.27.6&#8243; background_size=\u00bbinitial\u00bb background_position=\u00bbtop_left\u00bb background_repeat=\u00bbrepeat\u00bb global_colors_info=\u00bb{}\u00bb][et_pb_column type=\u00bb1_2&#8243; _builder_version=\u00bb4.16&#8243; custom_padding=\u00bb|||\u00bb global_colors_info=\u00bb{}\u00bb custom_padding__hover=\u00bb|||\u00bb][et_pb_text _builder_version=\u00bb4.16&#8243; width=\u00bb100%\u00bb custom_padding=\u00bb|40px||||\u00bb global_colors_info=\u00bb{}\u00bb]<\/p>\n<p>All\u00e0 per l\u2019any 2006, i amb tots els dubtes del m\u00f3n,\u00a0 v\u00e0rem iniciar el projecte d\u2019implantar un servei de mediaci\u00f3 escolar en el nostre centre. En aquella \u00e8poca no es parlava de mediaci\u00f3 amb la facilitat i el coneixement amb que es fa avui en dia. Era <strong>un repte<\/strong>, per\u00f2 tamb\u00e9 una magn\u00edfica <strong>oportunitat<\/strong>, no nom\u00e9s per trobar una manera diferent de <strong>gestionar els conflictes<\/strong>, sin\u00f3 per fer-ho situant els mateixos alumnes en el punt central de proc\u00e9s i donar-los d\u2019aquesta manera el <strong>protagonisme<\/strong> que mereixen\u00a0 i que sempre busquem.<\/p>\n<p>Ara, molts anys despr\u00e9s d\u2019aquells inicis dubitatius, el <strong>servei <\/strong>est\u00e0 plenament consolidat, i podem estar orgullosos d\u2019haver estat <strong>una de les primeres escoles en tenir la<\/strong> <strong>mediaci\u00f3<\/strong> com una <strong>eina<\/strong> efica\u00e7 per tal que els propis interessats puguin solucionar els seus problemes de forma justa i assertiva.<\/p>\n<p>L\u2019equip de mediaci\u00f3 est\u00e0 format per 10-15 alumne de 3r i 4tESO. Les seves funcions s\u00f3n:<\/p>\n<p>&#8211; Ser un <strong>referent<\/strong> entre els alumnes i professors per <strong>sensibilitzar<\/strong> i acollir la resoluci\u00f3 dialogada de conflictes. El servei s\u2019ofereix des de 6\u00e8 d\u2019EP a 4t d\u2019ESO.<\/p>\n<p>&#8211; Participar de les activitats que promou la <strong>xarxa de conviv\u00e8ncia i mediaci\u00f3<\/strong> de l\u2019Ajuntament de Sant Boi.<\/p>\n<p>&#8211; Juntament amb l\u2019equip de pastoral d\u2019alumnes de 3r i 4t d\u2019ESO, promore mitjan\u00e7ant un joc de rol la <strong>prevenci\u00f3 del discurs de l\u2019odi<\/strong> i la radicalitzaci\u00f3, en col\u00b7laboraci\u00f3 amb l\u2019ONGD salesiana <em>Bosco Global<\/em><\/p>\n<p>&nbsp;<\/p>\n<p>[\/et_pb_text][\/et_pb_column][et_pb_column type=\u00bb1_2&#8243; _builder_version=\u00bb4.16&#8243; custom_padding=\u00bb|||\u00bb global_colors_info=\u00bb{}\u00bb custom_padding__hover=\u00bb|||\u00bb][et_pb_image src=\u00bbhttps:\/\/santboi.salesians.cat\/escola\/wp-content\/uploads\/sites\/3\/2026\/06\/EQUIP-DE-MEDIACIO_page-0001.jpg\u00bb title_text=\u00bbEQUIP DE MEDIACI\u00d3_page-0001&#8243; _builder_version=\u00bb4.27.6&#8243; _module_preset=\u00bbdefault\u00bb global_colors_info=\u00bb{}\u00bb][\/et_pb_image][\/et_pb_column][\/et_pb_row][et_pb_row _builder_version=\u00bb4.16&#8243; width=\u00bb75%\u00bb max_width=\u00bb909px\u00bb module_alignment=\u00bbcenter\u00bb custom_margin=\u00bb|328px||auto||\u00bb global_colors_info=\u00bb{}\u00bb][et_pb_column type=\u00bb4_4&#8243; _builder_version=\u00bb4.16&#8243; custom_padding=\u00bb|||\u00bb global_colors_info=\u00bb{}\u00bb custom_padding__hover=\u00bb|||\u00bb][et_pb_image src=\u00bbhttps:\/\/santboi.salesians.cat\/escola\/wp-content\/uploads\/sites\/3\/2024\/12\/462516084_1083603237102507_4319099024429971096_n.jpg\u00bb title_text=\u00bb462516084_1083603237102507_4319099024429971096_n\u00bb _builder_version=\u00bb4.27.4&#8243; _module_preset=\u00bbdefault\u00bb global_colors_info=\u00bb{}\u00bb][\/et_pb_image][\/et_pb_column][\/et_pb_row][\/et_pb_section]<\/p>\n","protected":false},"excerpt":{"rendered":"<p>All\u00e0 per l\u2019any 2006, i amb tots els dubtes del m\u00f3n,\u00a0 v\u00e0rem iniciar el projecte d\u2019implantar un servei de mediaci\u00f3 escolar en el nostre centre. En aquella \u00e8poca no es parlava de mediaci\u00f3 amb la facilitat i el coneixement amb que es fa avui en dia. Era un repte, per\u00f2 tamb\u00e9 una magn\u00edfica oportunitat, no [&hellip;]<\/p>\n","protected":false},"author":2,"featured_media":0,"parent":0,"menu_order":0,"comment_status":"closed","ping_status":"closed","template":"","meta":{"_et_pb_use_builder":"on","_et_pb_old_content":"","_et_gb_content_width":"","footnotes":""},"class_list":["post-8044","page","type-page","status-publish","hentry"],"yoast_head":"<!-- This site is optimized with the Yoast SEO plugin v28.4 - https:\/\/yoast.com\/product\/yoast-seo-wordpress\/ -->\n<title>Mediaci\u00f3 Escolar - Escola<\/title>\n<meta name=\"robots\" content=\"index, follow, max-snippet:-1, max-image-preview:large, max-video-preview:-1\" \/>\n<link rel=\"canonical\" href=\"https:\/\/santboi.salesians.cat\/escola\/mediacio-escolar\/\" \/>\n<meta property=\"og:locale\" content=\"es_ES\" \/>\n<meta property=\"og:type\" content=\"article\" \/>\n<meta property=\"og:title\" content=\"Mediaci\u00f3 Escolar - Escola\" \/>\n<meta property=\"og:description\" content=\"All\u00e0 per l\u2019any 2006, i amb tots els dubtes del m\u00f3n,\u00a0 v\u00e0rem iniciar el projecte d\u2019implantar un servei de mediaci\u00f3 escolar en el nostre centre. En aquella \u00e8poca no es parlava de mediaci\u00f3 amb la facilitat i el coneixement amb que es fa avui en dia. Era un repte, per\u00f2 tamb\u00e9 una magn\u00edfica oportunitat, no [&hellip;]\" \/>\n<meta property=\"og:url\" content=\"https:\/\/santboi.salesians.cat\/escola\/mediacio-escolar\/\" \/>\n<meta property=\"og:site_name\" content=\"Escola\" \/>\n<meta property=\"article:publisher\" content=\"https:\/\/www.facebook.com\/SalesiansSBL\/\" \/>\n<meta property=\"article:modified_time\" content=\"2026-06-05T09:00:56+00:00\" \/>\n<meta name=\"twitter:card\" content=\"summary_large_image\" \/>\n<meta name=\"twitter:site\" content=\"@salesianssbl\" \/>\n<meta name=\"twitter:label1\" content=\"Tiempo de lectura\" \/>\n\t<meta name=\"twitter:data1\" content=\"2 minutos\" \/>\n<script type=\"application\/ld+json\" class=\"yoast-schema-graph\">{\"@context\":\"https:\\\/\\\/schema.org\",\"@graph\":[{\"@type\":\"WebPage\",\"@id\":\"https:\\\/\\\/santboi.salesians.cat\\\/escola\\\/mediacio-escolar\\\/\",\"url\":\"https:\\\/\\\/santboi.salesians.cat\\\/escola\\\/mediacio-escolar\\\/\",\"name\":\"Mediaci\u00f3 Escolar - Escola\",\"isPartOf\":{\"@id\":\"https:\\\/\\\/santboi.salesians.cat\\\/escola\\\/#website\"},\"datePublished\":\"2018-10-04T08:19:36+00:00\",\"dateModified\":\"2026-06-05T09:00:56+00:00\",\"breadcrumb\":{\"@id\":\"https:\\\/\\\/santboi.salesians.cat\\\/escola\\\/mediacio-escolar\\\/#breadcrumb\"},\"inLanguage\":\"es\",\"potentialAction\":[{\"@type\":\"ReadAction\",\"target\":[\"https:\\\/\\\/santboi.salesians.cat\\\/escola\\\/mediacio-escolar\\\/\"]}]},{\"@type\":\"BreadcrumbList\",\"@id\":\"https:\\\/\\\/santboi.salesians.cat\\\/escola\\\/mediacio-escolar\\\/#breadcrumb\",\"itemListElement\":[{\"@type\":\"ListItem\",\"position\":1,\"name\":\"Portada\",\"item\":\"https:\\\/\\\/santboi.salesians.cat\\\/escola\\\/\"},{\"@type\":\"ListItem\",\"position\":2,\"name\":\"Mediaci\u00f3 Escolar\"}]},{\"@type\":\"WebSite\",\"@id\":\"https:\\\/\\\/santboi.salesians.cat\\\/escola\\\/#website\",\"url\":\"https:\\\/\\\/santboi.salesians.cat\\\/escola\\\/\",\"name\":\"Escola\",\"description\":\"Salesians Sant Boi de Llobregat\",\"potentialAction\":[{\"@type\":\"SearchAction\",\"target\":{\"@type\":\"EntryPoint\",\"urlTemplate\":\"https:\\\/\\\/santboi.salesians.cat\\\/escola\\\/?s={search_term_string}\"},\"query-input\":{\"@type\":\"PropertyValueSpecification\",\"valueRequired\":true,\"valueName\":\"search_term_string\"}}],\"inLanguage\":\"es\"}]}<\/script>\n<!-- \/ Yoast SEO plugin. -->","yoast_head_json":{"title":"Mediaci\u00f3 Escolar - Escola","robots":{"index":"index","follow":"follow","max-snippet":"max-snippet:-1","max-image-preview":"max-image-preview:large","max-video-preview":"max-video-preview:-1"},"canonical":"https:\/\/santboi.salesians.cat\/escola\/mediacio-escolar\/","og_locale":"es_ES","og_type":"article","og_title":"Mediaci\u00f3 Escolar - Escola","og_description":"All\u00e0 per l\u2019any 2006, i amb tots els dubtes del m\u00f3n,\u00a0 v\u00e0rem iniciar el projecte d\u2019implantar un servei de mediaci\u00f3 escolar en el nostre centre. En aquella \u00e8poca no es parlava de mediaci\u00f3 amb la facilitat i el coneixement amb que es fa avui en dia. Era un repte, per\u00f2 tamb\u00e9 una magn\u00edfica oportunitat, no [&hellip;]","og_url":"https:\/\/santboi.salesians.cat\/escola\/mediacio-escolar\/","og_site_name":"Escola","article_publisher":"https:\/\/www.facebook.com\/SalesiansSBL\/","article_modified_time":"2026-06-05T09:00:56+00:00","twitter_card":"summary_large_image","twitter_site":"@salesianssbl","twitter_misc":{"Tiempo de lectura":"2 minutos"},"schema":{"@context":"https:\/\/schema.org","@graph":[{"@type":"WebPage","@id":"https:\/\/santboi.salesians.cat\/escola\/mediacio-escolar\/","url":"https:\/\/santboi.salesians.cat\/escola\/mediacio-escolar\/","name":"Mediaci\u00f3 Escolar - Escola","isPartOf":{"@id":"https:\/\/santboi.salesians.cat\/escola\/#website"},"datePublished":"2018-10-04T08:19:36+00:00","dateModified":"2026-06-05T09:00:56+00:00","breadcrumb":{"@id":"https:\/\/santboi.salesians.cat\/escola\/mediacio-escolar\/#breadcrumb"},"inLanguage":"es","potentialAction":[{"@type":"ReadAction","target":["https:\/\/santboi.salesians.cat\/escola\/mediacio-escolar\/"]}]},{"@type":"BreadcrumbList","@id":"https:\/\/santboi.salesians.cat\/escola\/mediacio-escolar\/#breadcrumb","itemListElement":[{"@type":"ListItem","position":1,"name":"Portada","item":"https:\/\/santboi.salesians.cat\/escola\/"},{"@type":"ListItem","position":2,"name":"Mediaci\u00f3 Escolar"}]},{"@type":"WebSite","@id":"https:\/\/santboi.salesians.cat\/escola\/#website","url":"https:\/\/santboi.salesians.cat\/escola\/","name":"Escola","description":"Salesians Sant Boi de Llobregat","potentialAction":[{"@type":"SearchAction","target":{"@type":"EntryPoint","urlTemplate":"https:\/\/santboi.salesians.cat\/escola\/?s={search_term_string}"},"query-input":{"@type":"PropertyValueSpecification","valueRequired":true,"valueName":"search_term_string"}}],"inLanguage":"es"}]}},"_links":{"self":[{"href":"https:\/\/santboi.salesians.cat\/escola\/wp-json\/wp\/v2\/pages\/8044","targetHints":{"allow":["GET"]}}],"collection":[{"href":"https:\/\/santboi.salesians.cat\/escola\/wp-json\/wp\/v2\/pages"}],"about":[{"href":"https:\/\/santboi.salesians.cat\/escola\/wp-json\/wp\/v2\/types\/page"}],"author":[{"embeddable":true,"href":"https:\/\/santboi.salesians.cat\/escola\/wp-json\/wp\/v2\/users\/2"}],"replies":[{"embeddable":true,"href":"https:\/\/santboi.salesians.cat\/escola\/wp-json\/wp\/v2\/comments?post=8044"}],"version-history":[{"count":15,"href":"https:\/\/santboi.salesians.cat\/escola\/wp-json\/wp\/v2\/pages\/8044\/revisions"}],"predecessor-version":[{"id":10377,"href":"https:\/\/santboi.salesians.cat\/escola\/wp-json\/wp\/v2\/pages\/8044\/revisions\/10377"}],"wp:attachment":[{"href":"https:\/\/santboi.salesians.cat\/escola\/wp-json\/wp\/v2\/media?parent=8044"}],"curies":[{"name":"wp","href":"https:\/\/api.w.org\/{rel}","templated":true}]}}

Mediació Escolar

<div id="fb-root"></div>
<p>[et_pb_section fb_built=»1&#8243; fullwidth=»on» _builder_version=»4.16&#8243; custom_padding=»0px|0px|0px|0px» global_colors_info=»{}»][et_pb_fullwidth_header title=»Mediació Escolar» background_overlay_color=»rgba(178,178,178,0)» module_class=»pagina-imagen-cabecera» _builder_version=»4.16&#8243; background_image=»https://inspectoria.salesianos.edu/wp-content/uploads/2017/09/ImagenPAGINA.jpg» background_layout=»light» max_width_tablet=»50px» global_colors_info=»{}» button_one_text_size__hover_enabled=»off» button_one_text_size__hover=»null» button_two_text_size__hover_enabled=»off» button_two_text_size__hover=»null» button_one_text_color__hover_enabled=»off» button_one_text_color__hover=»null» button_two_text_color__hover_enabled=»off» button_two_text_color__hover=»null» button_one_border_width__hover_enabled=»off» button_one_border_width__hover=»null» button_two_border_width__hover_enabled=»off» button_two_border_width__hover=»null» button_one_border_color__hover_enabled=»off» button_one_border_color__hover=»null» button_two_border_color__hover_enabled=»off» button_two_border_color__hover=»null» button_one_border_radius__hover_enabled=»off» button_one_border_radius__hover=»null» button_two_border_radius__hover_enabled=»off» button_two_border_radius__hover=»null» button_one_letter_spacing__hover_enabled=»off» button_one_letter_spacing__hover=»null» button_two_letter_spacing__hover_enabled=»off» button_two_letter_spacing__hover=»null» button_one_bg_color__hover_enabled=»off» button_one_bg_color__hover=»null» button_two_bg_color__hover_enabled=»off» button_two_bg_color__hover=»null»]<br />
[/et_pb_fullwidth_header][/et_pb_section][et_pb_section fb_built=»1&#8243; _builder_version=»4.16&#8243; global_colors_info=»{}»][et_pb_row column_structure=»1_2,1_2&#8243; _builder_version=»4.27.6&#8243; background_size=»initial» background_position=»top_left» background_repeat=»repeat» global_colors_info=»{}»][et_pb_column type=»1_2&#8243; _builder_version=»4.16&#8243; custom_padding=»|||» global_colors_info=»{}» custom_padding__hover=»|||»][et_pb_text _builder_version=»4.16&#8243; width=»100%» custom_padding=»|40px||||» global_colors_info=»{}»]</p>
<p>Allà per l’any 2006, i amb tots els dubtes del món,  vàrem iniciar el projecte d’implantar un servei de mediació escolar en el nostre centre. En aquella època no es parlava de mediació amb la facilitat i el coneixement amb que es fa avui en dia. Era <strong>un repte</strong>, però també una magnífica <strong>oportunitat</strong>, no només per trobar una manera diferent de <strong>gestionar els conflictes</strong>, sinó per fer-ho situant els mateixos alumnes en el punt central de procés i donar-los d’aquesta manera el <strong>protagonisme</strong> que mereixen  i que sempre busquem.</p>
<p>Ara, molts anys després d’aquells inicis dubitatius, el <strong>servei </strong>està plenament consolidat, i podem estar orgullosos d’haver estat <strong>una de les primeres escoles en tenir la</strong> <strong>mediació</strong> com una <strong>eina</strong> eficaç per tal que els propis interessats puguin solucionar els seus problemes de forma justa i assertiva.</p>
<p>L’equip de mediació està format per 10-15 alumne de 3r i 4tESO. Les seves funcions són:</p>
<p>&#8211; Ser un <strong>referent</strong> entre els alumnes i professors per <strong>sensibilitzar</strong> i acollir la resolució dialogada de conflictes. El servei s’ofereix des de 6è d’EP a 4t d’ESO.</p>
<p>&#8211; Participar de les activitats que promou la <strong>xarxa de convivència i mediació</strong> de l’Ajuntament de Sant Boi.</p>
<p>&#8211; Juntament amb l’equip de pastoral d’alumnes de 3r i 4t d’ESO, promore mitjançant un joc de rol la <strong>prevenció del discurs de l’odi</strong> i la radicalització, en col·laboració amb l’ONGD salesiana <em>Bosco Global</em></p>
<p>&nbsp;</p>
<p>[/et_pb_text][/et_pb_column][et_pb_column type=»1_2&#8243; _builder_version=»4.16&#8243; custom_padding=»|||» global_colors_info=»{}» custom_padding__hover=»|||»][et_pb_image src=»https://santboi.salesians.cat/escola/wp-content/uploads/sites/3/2026/06/EQUIP-DE-MEDIACIO_page-0001.jpg» title_text=»EQUIP DE MEDIACIÓ_page-0001&#8243; _builder_version=»4.27.6&#8243; _module_preset=»default» global_colors_info=»{}»][/et_pb_image][/et_pb_column][/et_pb_row][et_pb_row _builder_version=»4.16&#8243; width=»75%» max_width=»909px» module_alignment=»center» custom_margin=»|328px||auto||» global_colors_info=»{}»][et_pb_column type=»4_4&#8243; _builder_version=»4.16&#8243; custom_padding=»|||» global_colors_info=»{}» custom_padding__hover=»|||»][et_pb_image src=»https://santboi.salesians.cat/escola/wp-content/uploads/sites/3/2024/12/462516084_1083603237102507_4319099024429971096_n.jpg» title_text=»462516084_1083603237102507_4319099024429971096_n» _builder_version=»4.27.4&#8243; _module_preset=»default» global_colors_info=»{}»][/et_pb_image][/et_pb_column][/et_pb_row][/et_pb_section]</p>

<p>Allà per l’any 2006, i amb tots els dubtes del món,  vàrem iniciar el projecte d’implantar un servei de mediació escolar en el nostre centre. En aquella època no es parlava de mediació amb la facilitat i el coneixement amb que es fa avui en dia. Era un repte, però també una magnífica oportunitat, no [&hellip;]</p>

<!-- This site is optimized with the Yoast SEO plugin v28.4 - https://yoast.com/product/yoast-seo-wordpress/ -->
<title>Mediació Escolar - Escola</title>
<meta name="robots" content="index, follow, max-snippet:-1, max-image-preview:large, max-video-preview:-1" />
<link rel="canonical" href="https://santboi.salesians.cat/escola/mediacio-escolar/" />
<meta property="og:locale" content="es_ES" />
<meta property="og:type" content="article" />
<meta property="og:title" content="Mediació Escolar - Escola" />
<meta property="og:description" content="Allà per l’any 2006, i amb tots els dubtes del món,  vàrem iniciar el projecte d’implantar un servei de mediació escolar en el nostre centre. En aquella època no es parlava de mediació amb la facilitat i el coneixement amb que es fa avui en dia. Era un repte, però també una magnífica oportunitat, no [&hellip;]" />
<meta property="og:url" content="https://santboi.salesians.cat/escola/mediacio-escolar/" />
<meta property="og:site_name" content="Escola" />
<meta property="article:publisher" content="https://www.facebook.com/SalesiansSBL/" />
<meta property="article:modified_time" content="2026-06-05T09:00:56+00:00" />
<meta name="twitter:card" content="summary_large_image" />
<meta name="twitter:site" content="@salesianssbl" />
<meta name="twitter:label1" content="Tiempo de lectura" />
	<meta name="twitter:data1" content="2 minutos" />
<script type="application/ld+json" class="yoast-schema-graph">{"@context":"https:\/\/schema.org","@graph":[{"@type":"WebPage","@id":"https:\/\/santboi.salesians.cat\/escola\/mediacio-escolar\/","url":"https:\/\/santboi.salesians.cat\/escola\/mediacio-escolar\/","name":"Mediació Escolar - Escola","isPartOf":{"@id":"https:\/\/santboi.salesians.cat\/escola\/#website"},"datePublished":"2018-10-04T08:19:36+00:00","dateModified":"2026-06-05T09:00:56+00:00","breadcrumb":{"@id":"https:\/\/santboi.salesians.cat\/escola\/mediacio-escolar\/#breadcrumb"},"inLanguage":"es","potentialAction":[{"@type":"ReadAction","target":["https:\/\/santboi.salesians.cat\/escola\/mediacio-escolar\/"]}]},{"@type":"BreadcrumbList","@id":"https:\/\/santboi.salesians.cat\/escola\/mediacio-escolar\/#breadcrumb","itemListElement":[{"@type":"ListItem","position":1,"name":"Portada","item":"https:\/\/santboi.salesians.cat\/escola\/"},{"@type":"ListItem","position":2,"name":"Mediació Escolar"}]},{"@type":"WebSite","@id":"https:\/\/santboi.salesians.cat\/escola\/#website","url":"https:\/\/santboi.salesians.cat\/escola\/","name":"Escola","description":"Salesians Sant Boi de Llobregat","potentialAction":[{"@type":"SearchAction","target":{"@type":"EntryPoint","urlTemplate":"https:\/\/santboi.salesians.cat\/escola\/?s={search_term_string}"},"query-input":{"@type":"PropertyValueSpecification","valueRequired":true,"valueName":"search_term_string"}}],"inLanguage":"es"}]}</script>
<!-- / Yoast SEO plugin. -->

Mediació Escolar - Escola

Allà per l’any 2006, i amb tots els dubtes del món,  vàrem iniciar el projecte d’implantar un servei de mediació escolar en el nostre centre. En aquella època no es parlava de mediació amb la facilitat i el coneixement amb que es fa avui en dia. Era un repte, però també una magnífica oportunitat, no [&hellip;]
