{"id":8326,"date":"2018-11-12T09:32:02","date_gmt":"2018-11-12T08:32:02","guid":{"rendered":"https:\/\/santboi.salesians.cat\/escola\/?page_id=8326"},"modified":"2026-03-19T12:23:30","modified_gmt":"2026-03-19T11:23:30","slug":"pregaries-i-celebracions","status":"publish","type":"page","link":"https:\/\/santboi.salesians.cat\/escola\/pregaries-i-celebracions\/","title":{"rendered":"Preg\u00e0ries i Celebracions"},"content":{"rendered":"<div id=\"fb-root\"><\/div>\n<p>[et_pb_section fb_built=\u00bb1&#8243; fullwidth=\u00bbon\u00bb _builder_version=\u00bb4.16&#8243; custom_padding=\u00bb0px|0px|0px|0px\u00bb global_colors_info=\u00bb{}\u00bb][et_pb_fullwidth_header title=\u00bbPreg\u00e0ries i Celebracions\u00bb background_overlay_color=\u00bbrgba(178,178,178,0)\u00bb module_class=\u00bbpagina-imagen-cabecera\u00bb _builder_version=\u00bb4.16&#8243; background_image=\u00bbhttps:\/\/santboi.salesians.cat\/escola\/wp-content\/uploads\/sites\/3\/2019\/03\/IMG_3035-e1551952101103.jpg\u00bb background_layout=\u00bblight\u00bb max_width_tablet=\u00bb50px\u00bb button_one_letter_spacing_hover=\u00bb0&#8243; button_two_letter_spacing_hover=\u00bb0&#8243; global_colors_info=\u00bb{}\u00bb][\/et_pb_fullwidth_header][\/et_pb_section][et_pb_section fb_built=\u00bb1&#8243; admin_label=\u00bbsection\u00bb _builder_version=\u00bb4.16&#8243; custom_padding=\u00bb0px|0px|54px|0px\u00bb global_colors_info=\u00bb{}\u00bb][et_pb_row column_padding_mobile=\u00bbon\u00bb admin_label=\u00bbrow\u00bb _builder_version=\u00bb4.16&#8243; background_size=\u00bbinitial\u00bb background_position=\u00bbtop_left\u00bb background_repeat=\u00bbrepeat\u00bb custom_margin=\u00bb25px|||\u00bb custom_padding=\u00bb25px|||\u00bb global_colors_info=\u00bb{}\u00bb][et_pb_column type=\u00bb4_4&#8243; _builder_version=\u00bb4.16&#8243; custom_padding=\u00bb|||\u00bb global_colors_info=\u00bb{}\u00bb custom_padding__hover=\u00bb|||\u00bb][et_pb_text _builder_version=\u00bb4.16&#8243; global_colors_info=\u00bb{}\u00bb]<\/p>\n<h3>CELEBRACIONS<\/h3>\n<p>A trav\u00e9s d\u2019un vocabulari actual i de s\u00edmbols que permetin entendre els diferents moments de la vida cristiana, al llarg del curs ens trobem a l\u2019esgl\u00e9sia per treballar la interioritat i celebrar els temps lit\u00fargics, aix\u00ed com altres moments significatius compartits per tots a l\u2019escola. \u00c9s per aix\u00f2 que fem celebracions a inici i final de curs, per Nadal, Quaresma, Pasqua, aix\u00ed com tamb\u00e9 en les dates salesianes m\u00e9s assenyalades, per Don Bosco (31 de gener) i per M\u00aa Auxiliadora (24 de maig).<\/p>\n<h3>PREG\u00c0RIES<\/h3>\n<p>Tant a Prim\u00e0ria com a l\u2019ESO s\u2019ofereixen preg\u00e0ries de car\u00e0cter voluntari, coincidint amb els temps lit\u00fargics m\u00e9s importants: Advent i quaresma.<\/p>\n<p>[\/et_pb_text][\/et_pb_column][\/et_pb_row][et_pb_row column_structure=\u00bb1_3,1_3,1_3&#8243; _builder_version=\u00bb4.16&#8243; background_size=\u00bbinitial\u00bb background_position=\u00bbtop_left\u00bb background_repeat=\u00bbrepeat\u00bb global_colors_info=\u00bb{}\u00bb][et_pb_column type=\u00bb1_3&#8243; _builder_version=\u00bb4.16&#8243; custom_padding=\u00bb|||\u00bb global_colors_info=\u00bb{}\u00bb custom_padding__hover=\u00bb|||\u00bb][et_pb_image src=\u00bbhttps:\/\/santboi.salesians.cat\/escola\/wp-content\/uploads\/sites\/3\/2024\/09\/IMG_20230927_121323-scaled.jpg\u00bb title_text=\u00bbIMG_20230927_121323&#8243; align_tablet=\u00bbcenter\u00bb align_phone=\u00bb\u00bb align_last_edited=\u00bbon|desktop\u00bb _builder_version=\u00bb4.27.0&#8243; global_colors_info=\u00bb{}\u00bb][\/et_pb_image][\/et_pb_column][et_pb_column type=\u00bb1_3&#8243; _builder_version=\u00bb4.16&#8243; custom_padding=\u00bb|||\u00bb global_colors_info=\u00bb{}\u00bb custom_padding__hover=\u00bb|||\u00bb][et_pb_image src=\u00bbhttps:\/\/santboi.salesians.cat\/escola\/wp-content\/uploads\/sites\/3\/2026\/03\/IMG_20230927_123343-scaled-1.jpg\u00bb title_text=\u00bbIMG_20230927_123343-scaled\u00bb align_tablet=\u00bbcenter\u00bb align_phone=\u00bb\u00bb align_last_edited=\u00bbon|desktop\u00bb _builder_version=\u00bb4.27.4&#8243; hover_enabled=\u00bb0&#8243; global_colors_info=\u00bb{}\u00bb sticky_enabled=\u00bb0&#8243;][\/et_pb_image][\/et_pb_column][et_pb_column type=\u00bb1_3&#8243; _builder_version=\u00bb4.16&#8243; custom_padding=\u00bb|||\u00bb global_colors_info=\u00bb{}\u00bb custom_padding__hover=\u00bb|||\u00bb][et_pb_image src=\u00bbhttps:\/\/santboi.salesians.cat\/escola\/wp-content\/uploads\/sites\/3\/2024\/09\/image_123650291-2-scaled.jpg\u00bb title_text=\u00bbimage_123650291 (2)\u00bb align_tablet=\u00bbcenter\u00bb align_phone=\u00bb\u00bb align_last_edited=\u00bbon|desktop\u00bb _builder_version=\u00bb4.27.0&#8243; global_colors_info=\u00bb{}\u00bb][\/et_pb_image][\/et_pb_column][\/et_pb_row][\/et_pb_section]<\/p>\n","protected":false},"excerpt":{"rendered":"<p>CELEBRACIONS A trav\u00e9s d\u2019un vocabulari actual i de s\u00edmbols que permetin entendre els diferents moments de la vida cristiana, al llarg del curs ens trobem a l\u2019esgl\u00e9sia per treballar la interioritat i celebrar els temps lit\u00fargics, aix\u00ed com altres moments significatius compartits per tots a l\u2019escola. \u00c9s per aix\u00f2 que fem celebracions a inici i [&hellip;]<\/p>\n","protected":false},"author":2,"featured_media":0,"parent":0,"menu_order":0,"comment_status":"closed","ping_status":"closed","template":"","meta":{"_et_pb_use_builder":"on","_et_pb_old_content":"<p>\u00a0<\/p><p>\u00a0<\/p>","_et_gb_content_width":"","footnotes":""},"class_list":["post-8326","page","type-page","status-publish","hentry"],"yoast_head":"<!-- This site is optimized with the Yoast SEO plugin v28.4 - https:\/\/yoast.com\/product\/yoast-seo-wordpress\/ -->\n<title>Preg\u00e0ries i Celebracions - Escola<\/title>\n<meta name=\"robots\" content=\"index, follow, max-snippet:-1, max-image-preview:large, max-video-preview:-1\" \/>\n<link rel=\"canonical\" href=\"https:\/\/santboi.salesians.cat\/escola\/pregaries-i-celebracions\/\" \/>\n<meta property=\"og:locale\" content=\"es_ES\" \/>\n<meta property=\"og:type\" content=\"article\" \/>\n<meta property=\"og:title\" content=\"Preg\u00e0ries i Celebracions - Escola\" \/>\n<meta property=\"og:description\" content=\"CELEBRACIONS A trav\u00e9s d\u2019un vocabulari actual i de s\u00edmbols que permetin entendre els diferents moments de la vida cristiana, al llarg del curs ens trobem a l\u2019esgl\u00e9sia per treballar la interioritat i celebrar els temps lit\u00fargics, aix\u00ed com altres moments significatius compartits per tots a l\u2019escola. \u00c9s per aix\u00f2 que fem celebracions a inici i [&hellip;]\" \/>\n<meta property=\"og:url\" content=\"https:\/\/santboi.salesians.cat\/escola\/pregaries-i-celebracions\/\" \/>\n<meta property=\"og:site_name\" content=\"Escola\" \/>\n<meta property=\"article:publisher\" content=\"https:\/\/www.facebook.com\/SalesiansSBL\/\" \/>\n<meta property=\"article:modified_time\" content=\"2026-03-19T11:23:30+00:00\" \/>\n<meta name=\"twitter:card\" content=\"summary_large_image\" \/>\n<meta name=\"twitter:site\" content=\"@salesianssbl\" \/>\n<meta name=\"twitter:label1\" content=\"Tiempo de lectura\" \/>\n\t<meta name=\"twitter:data1\" content=\"2 minutos\" \/>\n<script type=\"application\/ld+json\" class=\"yoast-schema-graph\">{\"@context\":\"https:\\\/\\\/schema.org\",\"@graph\":[{\"@type\":\"WebPage\",\"@id\":\"https:\\\/\\\/santboi.salesians.cat\\\/escola\\\/pregaries-i-celebracions\\\/\",\"url\":\"https:\\\/\\\/santboi.salesians.cat\\\/escola\\\/pregaries-i-celebracions\\\/\",\"name\":\"Preg\u00e0ries i Celebracions - Escola\",\"isPartOf\":{\"@id\":\"https:\\\/\\\/santboi.salesians.cat\\\/escola\\\/#website\"},\"datePublished\":\"2018-11-12T08:32:02+00:00\",\"dateModified\":\"2026-03-19T11:23:30+00:00\",\"breadcrumb\":{\"@id\":\"https:\\\/\\\/santboi.salesians.cat\\\/escola\\\/pregaries-i-celebracions\\\/#breadcrumb\"},\"inLanguage\":\"es\",\"potentialAction\":[{\"@type\":\"ReadAction\",\"target\":[\"https:\\\/\\\/santboi.salesians.cat\\\/escola\\\/pregaries-i-celebracions\\\/\"]}]},{\"@type\":\"BreadcrumbList\",\"@id\":\"https:\\\/\\\/santboi.salesians.cat\\\/escola\\\/pregaries-i-celebracions\\\/#breadcrumb\",\"itemListElement\":[{\"@type\":\"ListItem\",\"position\":1,\"name\":\"Portada\",\"item\":\"https:\\\/\\\/santboi.salesians.cat\\\/escola\\\/\"},{\"@type\":\"ListItem\",\"position\":2,\"name\":\"Preg\u00e0ries i Celebracions\"}]},{\"@type\":\"WebSite\",\"@id\":\"https:\\\/\\\/santboi.salesians.cat\\\/escola\\\/#website\",\"url\":\"https:\\\/\\\/santboi.salesians.cat\\\/escola\\\/\",\"name\":\"Escola\",\"description\":\"Salesians Sant Boi de Llobregat\",\"potentialAction\":[{\"@type\":\"SearchAction\",\"target\":{\"@type\":\"EntryPoint\",\"urlTemplate\":\"https:\\\/\\\/santboi.salesians.cat\\\/escola\\\/?s={search_term_string}\"},\"query-input\":{\"@type\":\"PropertyValueSpecification\",\"valueRequired\":true,\"valueName\":\"search_term_string\"}}],\"inLanguage\":\"es\"}]}<\/script>\n<!-- \/ Yoast SEO plugin. -->","yoast_head_json":{"title":"Preg\u00e0ries i Celebracions - Escola","robots":{"index":"index","follow":"follow","max-snippet":"max-snippet:-1","max-image-preview":"max-image-preview:large","max-video-preview":"max-video-preview:-1"},"canonical":"https:\/\/santboi.salesians.cat\/escola\/pregaries-i-celebracions\/","og_locale":"es_ES","og_type":"article","og_title":"Preg\u00e0ries i Celebracions - Escola","og_description":"CELEBRACIONS A trav\u00e9s d\u2019un vocabulari actual i de s\u00edmbols que permetin entendre els diferents moments de la vida cristiana, al llarg del curs ens trobem a l\u2019esgl\u00e9sia per treballar la interioritat i celebrar els temps lit\u00fargics, aix\u00ed com altres moments significatius compartits per tots a l\u2019escola. \u00c9s per aix\u00f2 que fem celebracions a inici i [&hellip;]","og_url":"https:\/\/santboi.salesians.cat\/escola\/pregaries-i-celebracions\/","og_site_name":"Escola","article_publisher":"https:\/\/www.facebook.com\/SalesiansSBL\/","article_modified_time":"2026-03-19T11:23:30+00:00","twitter_card":"summary_large_image","twitter_site":"@salesianssbl","twitter_misc":{"Tiempo de lectura":"2 minutos"},"schema":{"@context":"https:\/\/schema.org","@graph":[{"@type":"WebPage","@id":"https:\/\/santboi.salesians.cat\/escola\/pregaries-i-celebracions\/","url":"https:\/\/santboi.salesians.cat\/escola\/pregaries-i-celebracions\/","name":"Preg\u00e0ries i Celebracions - Escola","isPartOf":{"@id":"https:\/\/santboi.salesians.cat\/escola\/#website"},"datePublished":"2018-11-12T08:32:02+00:00","dateModified":"2026-03-19T11:23:30+00:00","breadcrumb":{"@id":"https:\/\/santboi.salesians.cat\/escola\/pregaries-i-celebracions\/#breadcrumb"},"inLanguage":"es","potentialAction":[{"@type":"ReadAction","target":["https:\/\/santboi.salesians.cat\/escola\/pregaries-i-celebracions\/"]}]},{"@type":"BreadcrumbList","@id":"https:\/\/santboi.salesians.cat\/escola\/pregaries-i-celebracions\/#breadcrumb","itemListElement":[{"@type":"ListItem","position":1,"name":"Portada","item":"https:\/\/santboi.salesians.cat\/escola\/"},{"@type":"ListItem","position":2,"name":"Preg\u00e0ries i Celebracions"}]},{"@type":"WebSite","@id":"https:\/\/santboi.salesians.cat\/escola\/#website","url":"https:\/\/santboi.salesians.cat\/escola\/","name":"Escola","description":"Salesians Sant Boi de Llobregat","potentialAction":[{"@type":"SearchAction","target":{"@type":"EntryPoint","urlTemplate":"https:\/\/santboi.salesians.cat\/escola\/?s={search_term_string}"},"query-input":{"@type":"PropertyValueSpecification","valueRequired":true,"valueName":"search_term_string"}}],"inLanguage":"es"}]}},"_links":{"self":[{"href":"https:\/\/santboi.salesians.cat\/escola\/wp-json\/wp\/v2\/pages\/8326","targetHints":{"allow":["GET"]}}],"collection":[{"href":"https:\/\/santboi.salesians.cat\/escola\/wp-json\/wp\/v2\/pages"}],"about":[{"href":"https:\/\/santboi.salesians.cat\/escola\/wp-json\/wp\/v2\/types\/page"}],"author":[{"embeddable":true,"href":"https:\/\/santboi.salesians.cat\/escola\/wp-json\/wp\/v2\/users\/2"}],"replies":[{"embeddable":true,"href":"https:\/\/santboi.salesians.cat\/escola\/wp-json\/wp\/v2\/comments?post=8326"}],"version-history":[{"count":15,"href":"https:\/\/santboi.salesians.cat\/escola\/wp-json\/wp\/v2\/pages\/8326\/revisions"}],"predecessor-version":[{"id":10278,"href":"https:\/\/santboi.salesians.cat\/escola\/wp-json\/wp\/v2\/pages\/8326\/revisions\/10278"}],"wp:attachment":[{"href":"https:\/\/santboi.salesians.cat\/escola\/wp-json\/wp\/v2\/media?parent=8326"}],"curies":[{"name":"wp","href":"https:\/\/api.w.org\/{rel}","templated":true}]}}

Pregàries i Celebracions

<div id="fb-root"></div>
<p>[et_pb_section fb_built=»1&#8243; fullwidth=»on» _builder_version=»4.16&#8243; custom_padding=»0px|0px|0px|0px» global_colors_info=»{}»][et_pb_fullwidth_header title=»Pregàries i Celebracions» background_overlay_color=»rgba(178,178,178,0)» module_class=»pagina-imagen-cabecera» _builder_version=»4.16&#8243; background_image=»https://santboi.salesians.cat/escola/wp-content/uploads/sites/3/2019/03/IMG_3035-e1551952101103.jpg» background_layout=»light» max_width_tablet=»50px» button_one_letter_spacing_hover=»0&#8243; button_two_letter_spacing_hover=»0&#8243; global_colors_info=»{}»][/et_pb_fullwidth_header][/et_pb_section][et_pb_section fb_built=»1&#8243; admin_label=»section» _builder_version=»4.16&#8243; custom_padding=»0px|0px|54px|0px» global_colors_info=»{}»][et_pb_row column_padding_mobile=»on» admin_label=»row» _builder_version=»4.16&#8243; background_size=»initial» background_position=»top_left» background_repeat=»repeat» custom_margin=»25px|||» custom_padding=»25px|||» global_colors_info=»{}»][et_pb_column type=»4_4&#8243; _builder_version=»4.16&#8243; custom_padding=»|||» global_colors_info=»{}» custom_padding__hover=»|||»][et_pb_text _builder_version=»4.16&#8243; global_colors_info=»{}»]</p>
<h3>CELEBRACIONS</h3>
<p>A través d’un vocabulari actual i de símbols que permetin entendre els diferents moments de la vida cristiana, al llarg del curs ens trobem a l’església per treballar la interioritat i celebrar els temps litúrgics, així com altres moments significatius compartits per tots a l’escola. És per això que fem celebracions a inici i final de curs, per Nadal, Quaresma, Pasqua, així com també en les dates salesianes més assenyalades, per Don Bosco (31 de gener) i per Mª Auxiliadora (24 de maig).</p>
<h3>PREGÀRIES</h3>
<p>Tant a Primària com a l’ESO s’ofereixen pregàries de caràcter voluntari, coincidint amb els temps litúrgics més importants: Advent i quaresma.</p>
<p>[/et_pb_text][/et_pb_column][/et_pb_row][et_pb_row column_structure=»1_3,1_3,1_3&#8243; _builder_version=»4.16&#8243; background_size=»initial» background_position=»top_left» background_repeat=»repeat» global_colors_info=»{}»][et_pb_column type=»1_3&#8243; _builder_version=»4.16&#8243; custom_padding=»|||» global_colors_info=»{}» custom_padding__hover=»|||»][et_pb_image src=»https://santboi.salesians.cat/escola/wp-content/uploads/sites/3/2024/09/IMG_20230927_121323-scaled.jpg» title_text=»IMG_20230927_121323&#8243; align_tablet=»center» align_phone=»» align_last_edited=»on|desktop» _builder_version=»4.27.0&#8243; global_colors_info=»{}»][/et_pb_image][/et_pb_column][et_pb_column type=»1_3&#8243; _builder_version=»4.16&#8243; custom_padding=»|||» global_colors_info=»{}» custom_padding__hover=»|||»][et_pb_image src=»https://santboi.salesians.cat/escola/wp-content/uploads/sites/3/2026/03/IMG_20230927_123343-scaled-1.jpg» title_text=»IMG_20230927_123343-scaled» align_tablet=»center» align_phone=»» align_last_edited=»on|desktop» _builder_version=»4.27.4&#8243; hover_enabled=»0&#8243; global_colors_info=»{}» sticky_enabled=»0&#8243;][/et_pb_image][/et_pb_column][et_pb_column type=»1_3&#8243; _builder_version=»4.16&#8243; custom_padding=»|||» global_colors_info=»{}» custom_padding__hover=»|||»][et_pb_image src=»https://santboi.salesians.cat/escola/wp-content/uploads/sites/3/2024/09/image_123650291-2-scaled.jpg» title_text=»image_123650291 (2)» align_tablet=»center» align_phone=»» align_last_edited=»on|desktop» _builder_version=»4.27.0&#8243; global_colors_info=»{}»][/et_pb_image][/et_pb_column][/et_pb_row][/et_pb_section]</p>

<p>CELEBRACIONS A través d’un vocabulari actual i de símbols que permetin entendre els diferents moments de la vida cristiana, al llarg del curs ens trobem a l’església per treballar la interioritat i celebrar els temps litúrgics, així com altres moments significatius compartits per tots a l’escola. És per això que fem celebracions a inici i [&hellip;]</p>

<!-- This site is optimized with the Yoast SEO plugin v28.4 - https://yoast.com/product/yoast-seo-wordpress/ -->
<title>Pregàries i Celebracions - Escola</title>
<meta name="robots" content="index, follow, max-snippet:-1, max-image-preview:large, max-video-preview:-1" />
<link rel="canonical" href="https://santboi.salesians.cat/escola/pregaries-i-celebracions/" />
<meta property="og:locale" content="es_ES" />
<meta property="og:type" content="article" />
<meta property="og:title" content="Pregàries i Celebracions - Escola" />
<meta property="og:description" content="CELEBRACIONS A través d’un vocabulari actual i de símbols que permetin entendre els diferents moments de la vida cristiana, al llarg del curs ens trobem a l’església per treballar la interioritat i celebrar els temps litúrgics, així com altres moments significatius compartits per tots a l’escola. És per això que fem celebracions a inici i [&hellip;]" />
<meta property="og:url" content="https://santboi.salesians.cat/escola/pregaries-i-celebracions/" />
<meta property="og:site_name" content="Escola" />
<meta property="article:publisher" content="https://www.facebook.com/SalesiansSBL/" />
<meta property="article:modified_time" content="2026-03-19T11:23:30+00:00" />
<meta name="twitter:card" content="summary_large_image" />
<meta name="twitter:site" content="@salesianssbl" />
<meta name="twitter:label1" content="Tiempo de lectura" />
	<meta name="twitter:data1" content="2 minutos" />
<script type="application/ld+json" class="yoast-schema-graph">{"@context":"https:\/\/schema.org","@graph":[{"@type":"WebPage","@id":"https:\/\/santboi.salesians.cat\/escola\/pregaries-i-celebracions\/","url":"https:\/\/santboi.salesians.cat\/escola\/pregaries-i-celebracions\/","name":"Pregàries i Celebracions - Escola","isPartOf":{"@id":"https:\/\/santboi.salesians.cat\/escola\/#website"},"datePublished":"2018-11-12T08:32:02+00:00","dateModified":"2026-03-19T11:23:30+00:00","breadcrumb":{"@id":"https:\/\/santboi.salesians.cat\/escola\/pregaries-i-celebracions\/#breadcrumb"},"inLanguage":"es","potentialAction":[{"@type":"ReadAction","target":["https:\/\/santboi.salesians.cat\/escola\/pregaries-i-celebracions\/"]}]},{"@type":"BreadcrumbList","@id":"https:\/\/santboi.salesians.cat\/escola\/pregaries-i-celebracions\/#breadcrumb","itemListElement":[{"@type":"ListItem","position":1,"name":"Portada","item":"https:\/\/santboi.salesians.cat\/escola\/"},{"@type":"ListItem","position":2,"name":"Pregàries i Celebracions"}]},{"@type":"WebSite","@id":"https:\/\/santboi.salesians.cat\/escola\/#website","url":"https:\/\/santboi.salesians.cat\/escola\/","name":"Escola","description":"Salesians Sant Boi de Llobregat","potentialAction":[{"@type":"SearchAction","target":{"@type":"EntryPoint","urlTemplate":"https:\/\/santboi.salesians.cat\/escola\/?s={search_term_string}"},"query-input":{"@type":"PropertyValueSpecification","valueRequired":true,"valueName":"search_term_string"}}],"inLanguage":"es"}]}</script>
<!-- / Yoast SEO plugin. -->

Pregàries i Celebracions - Escola

CELEBRACIONS A través d’un vocabulari actual i de símbols que permetin entendre els diferents moments de la vida cristiana, al llarg del curs ens trobem a l’església per treballar la interioritat i celebrar els temps litúrgics, així com altres moments significatius compartits per tots a l’escola. És per això que fem celebracions a inici i [&hellip;]
